118126809 a composite number?
False
Is 33182579411 a composite number?
False
Is 397550631 a prime number?
False
Is 32485853261 prime?
True
Is 22359927437 composite?
True
Is 1917201421 a prime number?
False
Is 138165379 a prime number?
False
Is 3880041839 a prime number?
False
Is 4059440947 a prime number?
True
Is 44351553445 a composite number?
True
Is 752618297 composite?
False
Is 69240359 prime?
True
Is 2286333683 a prime number?
True
Is 6268317817 a composite number?
False
Is 3974588977 a prime number?
True
Is 832703863 composite?
True
Is 1031997437 a composite number?
False
Is 2477350561 a composite number?
True
Is 776749482713 a prime number?
True
Is 242764217 composite?
False
Is 187345384579 a prime number?
False
Is 289209331 composite?
False
Is 46164149507 a prime number?
False
Is 32837220677 a prime number?
True
Is 12130389829 a prime number?
False
Is 981934771 prime?
True
Is 67762719839 a composite number?
True
Is 11372605445 composite?
True
Is 8995267081 a composite number?
False
Is 629853677 prime?
True
Is 396098039 a prime number?
True
Is 41862782107 a prime number?
True
Is 679621 composite?
True
Is 49869252007 composite?
False
Is 28995741823 prime?
True
Is 23039247989 a composite number?
True
Is 2928543851 a prime number?
True
Is 311800031 prime?
True
Is 1686247403 composite?
False
Is 582647223 a prime number?
False
Is 2019676177 a prime number?
False
Is 8620033651 prime?
False
Is 16844051443 composite?
True
Is 5139599 a composite number?
True
Is 153296041027 a prime number?
True
Is 677700409 composite?
True
Is 241697063 composite?
True
Is 595238333 a composite number?
False
Is 1537268487 prime?
False
Is 10094136397 composite?
False
Is 8398154609 a composite number?
True
Is 1397500381 a prime number?
True
Is 606334457 prime?
True
Is 33478499149 prime?
False
Is 111218190871 a prime number?
True
Is 860924793 composite?
True
Is 3629480363 a prime number?
True
Is 15585569177 a composite number?
True
Is 79713977749 prime?
False
Is 21513631519 a composite number?
True
Is 234073523 a prime number?
True
Is 644047931 a composite number?
False
Is 811856347 composite?
False
Is 7579430869 a prime number?
False
Is 4024834367 prime?
False
Is 344901153 a prime number?
False
Is 63301769 a prime number?
False
Is 1550412769 prime?
True
Is 3004718779 composite?
False
Is 5789113637 composite?
False
Is 1052491117 prime?
False
Is 1733404681 a prime number?
True
Is 1337181977 prime?
True
Is 2128586479 a prime number?
True
Is 10561308611 a prime number?
False
Is 100460359 prime?
True
Is 75000031089 prime?
False
Is 61144264847 composite?
False
Is 1137802177 a composite number?
True
Is 78749511387 a composite number?
True
Is 505435123 prime?
False
Is 9149885077 a prime number?
False
Is 20598640043 composite?
True
Is 524396101 a composite number?
False
Is 954182129 composite?
True
Is 51803627 a prime number?
True
Is 34360096829 a prime number?
True
Is 7437952222 a prime number?
False
Is 2312000003 a composite number?
True
Is 3538746727 prime?
True
Is 172787516269 prime?
False
Is 2856655583 prime?
False
Is 39868820443 a prime number?
True
Is 468039517 prime?
False
Is 7708533059 composite?
True
Is 2506145329 prime?
True
Is 24794701 composite?
True
Is 12974961797 a composite number?
True
Is 77243887 composite?
True
Is 773206711 a prime number?
True
Is 108935796029 prime?
False
Is 12812307173 prime?
True
Is 25014047 prime?
False
Is 562148161 prime?
True
Is 1991241481 composite?
False
Is 887251139 composite?
False
Is 5133729929 a composite number?
False
Is 5232380947 a prime number?
True
Is 950080337 a prime number?
False
Is 3102034609 a prime number?
True
Is 3640586783 a composite number?
True
Is 1305335003 composite?
True
Is 7382614739 a prime number?
True
Is 3390783779 a prime number?
True
Is 26532502963 a prime number?
True
Is 1701583883 a composite number?
True
Is 4657880981 composite?
True
Is 2881717843 prime?
True
Is 134392888511 a composite number?
True
Is 50341377019 a composite number?
True
Is 746833814 composite?
True
Is 3762635081 a composite number?
False
Is 18255880273 a composite number?
False
Is 797689357 prime?
True
Is 5657259401 composite?
True
Is 595044217 a prime number?
False
Is 4573873379 prime?
True
Is 932952673 a prime number?
False
Is 2401392281 a prime number?
True
Is 151830063727 prime?
True
Is 63598942283 a composite number?
False
Is 1074381029 prime?
True
Is 30212762009 prime?
True
Is 150862 a composite number?
True
Is 2241347527 prime?
True
Is 962741315 composite?
True
Is 96309052097 a composite number?
True
Is 859333373 prime?
False
Is 12776248711 prime?
True
Is 1844495827 a prime number?
False
Is 8874526267 a prime number?
False
Is 44820668129 a prime number?
False
Is 214451111 a prime number?
False
Is 14148198199 a composite number?
False
Is 3229853167 prime?
False
Is 121006277767 composite?
False
Is 5015716561 prime?
False
Is 16752078263 a prime number?
False
Is 275578715 a composite number?
True
Is 39427681457 prime?
False
Is 6069966509 a prime number?
False
Is 8666709427 composite?
False
Is 442538950531 composite?
False
Is 12984877487 composite?
True
Is 3311008871 prime?
False
Is 29756188939 composite?
True
Is 4069689271 a composite number?
True
Is 21754573527 composite?
True
Is 68432002361 a prime number?
False
Is 737180831 prime?
False
Is 3038384837 prime?
False
Is 35515506319 a prime number?
False
Is 81896671 composite?
False
Is 607109039 composite?
False
Is 2831510069 a composite number?
True
Is 314033411 composite?
True
Is 367691043539 a prime number?
False
Is 14504226553 prime?
True
Is 55381471877 a composite number?
False
Is 409330967 a composite number?
True
Is 3048746693 composite?
False
Is 60140066387 a composite number?
True
Is 7584783821 composite?
False
Is 1290039997 prime?
True
Is 27007353259 a composite number?
True
Is 16751620343 prime?
True
Is 11296034921 a prime number?
False
Is 10436349809 a composite number?
False
Is 40454152619 a prime number?
False
Is 21674697673 a composite number?
True
Is 675007483 composite?
True
Is 130093941 a composite number?
True
Is 3991843249 composite?
False
Is 247956227 composite?
False
Is 1975674661 composite?
False
Is 5010055037 composite?
True
Is 845926927 composite?
True
Is 3166470773 prime?
True
Is 19968291197 composite?
True
Is 15645209927 composite?
True
Is 17267623 prime?
True
Is 1333892741 a prime number?
True
Is 12806449841 a prime number?
False
Is 1022956239 a composite number?
True
Is 30959264381 a prime number?
True
Is 10906365523 composite?
False
Is 538045567 prime?
True
Is 8309271071 a composite number?
False
Is 96999922571 composite?
True
Is 126584537 a prime number?
True
Is 177836453159 composite?
False
Is 9633578323 prime?
True
Is 3500365826 prime?
False
Is 3955588163 a prime number?
False
Is 1521588862 a prime number?
False
Is 27619222193 a prime number?
False
Is 18672083 prime?
False
Is 8700704794 prime?
False
Is 2345589031 prime?
True
Is 4511711629 a composite number?
True
Is 7593593473 a prime number?
False
Is 537648331 a prime number?
False
Is 50162065249 a composite number?
False
Is 1373617961 prime?
True
Is 1229406205 prime?
False
Is 74425969 prime?
False
Is 3732976867 composite?
True
Is 19139581 composite?
False
Is 255318926179 prime?
True
Is 5744995853 a prime number?
True
Is 3505398797 a composite number?
False
Is 544446677 prime?
True
Is 38503261637 a composite number?
False
Is 5472085478 prime?
False
Is 5712470291 a prime number?
False
Is 483495094 a composite number?
True
Is 12080344385 a prime number?
False
Is 695366911 a prime number?
False
Is 5813795761 a composite number?
False
Is 873355237 a prime number?
True
Is 740302753 composite?
True
Is 1723807511 a composite number?
False
Is 2893520591 composite?
True
Is 134885663 a composite number?
True
Is 6129378343 prime?
False
Is 30708616039 a prime number?
False
Is 1291055617 prime?
False
Is 917190037 a composite number?
False
Is 45666298533 composite?
True
Is 31342630661 prime?
False
Is 4129568519 prime?
True
Is 1104971051 composite?
False
Is 130099883 composite?
True
Is 3783453331 a prime number?
False
Is 5632790197 prime?
True
Is 4861785049 a prime number?
False
Is 581074799 prime?
False
Is 245788105 prime?
False
Is 11062817 prime?
True
Is 152713420471 prime?
True
Is 28483981997 composite?
